pose 9*a - 99 = -2*a. Let g = 652 + a. List the prime factors of g.
661
Suppose 68037 + 5512 = 22*k - 3*k. List the prime factors of k.
7, 79
Let v be 5 - ((-3 + -3)/(-3) - 1). Suppose v*w - 3412 = -4*b, 2543 = 3*b + 7*w - 8*w. What are the prime factors of b?
3, 283
Let p = 54961 + -32944. What are the prime factors of p?
3, 41, 179
Let x(o) = -5*o + 21. Let z be x(-29). Let t = 555 - z. List the prime factors of t.
389
Suppose 6*m - 19*m = -169. List the prime factors of ((-148)/2)/2*(m - 14).
37
Let x be (-12)/15*(-40)/16. List the prime factors of (-81)/x*(-672)/63 - 3.
3, 11, 13
Let n be (13 - -2)*(-2)/6. Let m be (-15 - n)*(-3)/6. Suppose 42 = m*a - 228. What are the prime factors of a?
2, 3
Let x = -4003 - -16890. What are the prime factors of x?
7, 263
Let m = -141 + 295. Let n = m - 144. What are the prime factors of n?
2, 5
Let r be 0 - ((-6)/12)/(3/1284). Let x = r - 115. What are the prime factors of x?
3, 11
List the prime factors of 14193/12 + (27/(-36) + 12 - 12).
2, 3, 197
Suppose 0 = -3*q - 4*k + 615, 2*q = 5*k - 2*k + 393. Let g(a) = -12*a**2 - 4*a - 2. Let z be g(-3). Let y = z + q. What are the prime factors of y?
103
Suppose 0 = -2*p - 2, -3*f - 2*p = p - 3009. Let s = f - 523. What are the prime factors of s?
13, 37
Suppose -1299477 = -346*x - 163*x. List the prime factors of x.
3, 23, 37
Let d = 636 + -571. Suppose -30855 = 10*b - d*b. List the prime factors of b.
3, 11, 17
Let d(r) = 2*r - 14. Let p be ((-36)/(-20) - 0 - 0)*5. Let u be d(p). Suppose -5*f + 40 = 5*m, -f = u*m - 1 + 2. List the prime factors of f.
11
Let p(i) = -1641*i - 2467. List the prime factors of p(-5).
2, 19, 151
Let o(r) = 3*r**3 - 6*r**2 - r - 4. Let f be o(5). Suppose 64 + f = -8*c. Let z = 5 - c. What are the prime factors of z?
2, 5
Let v = -40 - -61. Let d = v - 159. Let f = d - -260. List the prime factors of f.
2, 61
Let p(t) = 170*t**2 - 77*t - 86. List the prime factors of p(-11).
83, 257
Let c be 7 + -2 - (6 - (-8 - -3)). Let d(k) be the third derivative of -5*k**4/24 + k**3/6 - 2*k**2. What are the prime factors of d(c)?
31
Suppose f + 5 = 0, 17010 - 60480 = -i - 4*f. What are the prime factors of i?
2, 5, 4349
Let o(h) = 17*h**2 + 18*h + 434. What are the prime factors of o(-14)?
2, 7, 251
Let z be (-9)/(9/322) - 2. Let r be -198 - (-7)/21*3. Let h = r - z. List the prime factors of h.
127
Let f = 0 - -6. What are the prime factors of 3/(f/395) - 1/(-2)?
2, 3, 11
Suppose -3*x = 3*f - 101 - 115, 66 = x - 5*f. Let k = 65 - x. Let c = 63 + k. What are the prime factors of c?
3, 19
Let h = 9230 + -3161. List the prime factors of h.
3, 7, 17
Let y(a) = 5*a + 580. Let z be y(0). Suppose 2*g + 3*k - z = 0, 0*k + 576 = 2*g + 4*k. List the prime factors of g.
2, 37
Suppose u + 4*l - 355 - 218 = 0, 0 = 5*u - 4*l - 2745. Let y = u - 394. Let z = 276 - y. List the prime factors of z.
3, 13
Suppose -3278 = -11*f - 0*f. Let a = 196 + f. List the prime factors of a.
2, 13, 19
Suppose 32453 = 64*a - 15*a - 196377. What are the prime factors of a?
2, 5, 467
Let t(f) = 4*f**2 - 21*f - 31. Let m be t(12). Suppose -x + 0*h + 5*h + m = 0, 5*x = -4*h + 1494. What are the prime factors of x?
2, 149
Suppose -31*d - 1314 = -37*d. Let n = d - -816. What are the prime factors of n?
3, 5, 23
Suppose -x + 2*p + 6227 = 4*p, 2*x + 8*p = 12474. What are the prime factors of x?
6217
Let f be 2*((-4)/(-3))/(12/18). Suppose 1674 = f*n - h - 0*h, 0 = -h - 2. What are the prime factors of (-1 - 3)*(n/(-8) - -3)?
197
Let o(x) = x + 23. Let b be o(-12). Let g = 85 + b. Suppose 43*i - 44*i = -g. What are the prime factors of i?
2, 3
Suppose 3*j - 5*p + 569 = 0, 0 = 8*j - 6*j + 2*p + 358. Let m = -133 - j. What are the prime factors of m?
2, 5
Suppose 31 = 4*u + 5*m, 2*u + 4*m - 20 = -0*m. Suppose w - 100 = -u*w + t, -5*w = 5*t - 70. What are the prime factors of w?
19
Suppose -36*g + 0*g = -5*g - 927489. List the prime factors of g.
3, 9973
Suppose -o - 1379 = -5*g, 4*g - o - 853 - 250 = 0. Let i = -216 + g. List the prime factors of i.
2, 3, 5
Let l = -842 - -844. Suppose 0 = -j - l*i + 1558, -5*j = -2*i - 0*i - 7790. What are the prime factors of j?
2, 19, 41
Let a = -92 + 53. Let r be 1/(-3) - a/(-9)*-1. Suppose 2*d - z = 162, -r*d = 5*z - 6*z - 326. List the prime factors of d.
2, 41
What are the prime factors of (140/182)/((-20)/(-585260))?
2, 5, 2251
Let q(f) = 18*f - 2. Let d be q(-1). Let k be (-1 + -5)*(d/8)/5. Suppose 0 = k*c - 51 - 15. What are the prime factors of c?
2, 11
Suppose -4*s - 5*v = -2187, 1654 = 3*s - 9*v + 10*v. Let f = -539 + s. What are the prime factors of f?
2, 7
Suppose 0 = -2*d + 256 + 12702 + 12636. List the prime factors of d.
67, 191
Suppose -2*o = -n + 1491, 8*n + 4*o - 5964 = 4*n. Suppose 0 = -20*u + 13*u + n. List the prime factors of u.
3, 71
List the prime factors of (-3)/(-18) - (1647793/(-42))/17.
2, 577
Suppose 35*v + 130*v = 3791040. List the prime factors of v.
2, 359
What are the prime factors of ((-81)/18 + 15)*506*1?
3, 7, 11, 23
Suppose 22738 = 3*w - 5*q, 2*w + 8743 = 3*q + 23903. List the prime factors of w.
2, 3793
Suppose y - 5*d = 4*y + 5, -2*y + d - 12 = 0. List the prime factors of ((-4)/y)/((-28)/(-28910)).
2, 7, 59
Let o = -7877 - -23598. What are the prime factors of o?
79, 199
Let y(o) = 719 - o - 719 - 191*o**3 - 346*o**3. What are the prime factors of y(-1)?
2, 269
Suppose 0 = -3*u - 11 + 17. Suppose 0 = 3*g - u*p - 320 - 540, 1432 = 5*g - 4*p. What are the prime factors of g?
2, 3
Suppose 6*h = -4*p + 3*h + 11, -3*p = -2*h - 4. Let z be 2300/(-18) - p/9. List the prime factors of z/(-2)*(-5)/(50/(-15)).
2, 3
Suppose -2*u + 129 = -z + 28, -u + 3*z + 63 = 0. Let j = -31 + u. Let o = 109 - j. What are the prime factors of o?
2, 23
Let d(p) = -4*p**3 + 2*p**2 - 2. Let h be d(-1). Suppose 4*o - 3505 = -5*k, 3*k - 2321 - 1182 = -h*o. List the prime factors of o.
5, 7
Let g(p) = 14*p**3 - 51*p + 25*p + 22*p + 31 + 3*p**2 - 11*p**3. List the prime factors of g(4).
3, 5, 17
Let y = 7231 - -283. Suppose 17*o - 6749 = y. What are the prime factors of o?
839
Suppose 26196 = -283*x + 295*x. List the prime factors of x.
37, 59
What are the prime factors of 4/(-34) - (-189660)/(-18)*(-9)/34?
2789
Let p = -1813 + 3442. Let q = -977 + p. What are the prime factors of q?
2, 163
Suppose -x - 14 + 22 = 0. Suppose x*a - 11*a = -402. Suppose 0 = l - 3*g - 46, 5*g + a + 16 = 3*l. What are the prime factors of l?
5, 11
Let v = 44 + -46. Let j be (-78)/(-6) + (v - -2). Suppose 0 = j*h - 6*h - 532. List the prime factors of h.
2, 19
Let j be (2 - (-1 - -2 - -1)) + -4. Let h(n) = -36*n - 31. What are the prime factors of h(j)?
113
Let z(d) = 36*d + 40. Let s = 120 + -116. Let c be z(s). Let y = 270 - c. List the prime factors of y.
2, 43
List the prime factors of (-72)/(-540) - (-11)/((-825)/(-5720090)).
2, 23, 829
Suppose -22*r = -24*r + 1008. Let z = r - 171. List the prime factors of z.
3, 37
Suppose -32148 = -5*h + 4*m, 2*h - 176*m + 175*m - 12858 = 0. What are the prime factors of h?
2, 1607
Suppose -5*f = 2*d - 2323, -4*d + f = -0*f - 4679. Suppose -161 + d = 3*u. List the prime factors of u.
2, 3, 7
Let q(c) = 6*c**3 + 24*c**2 + 56*c - 16. Let w(a) = -7*a**3 - 25*a**2 - 54*a + 17. Let s(d) = 6*q(d) + 5*w(d). List the prime factors of s(-11).
3, 7, 11
Let c(x) = -x**3 + 11*x**2 + 42*x - 15. Suppose -26 = 5*s - 7*s. List the prime factors of c(s).
193
Let n = -60998 - -95665. What are the prime factors of n?
34667
Suppose 6*p - 9191 = 2*p + 3*f, 0 = -f + 3. Let x = p + -1520. Suppose -y + x = 4*y. What are the prime factors of y?
2, 3, 13
Let i(z) = -23*z + 10. Suppose -16*b = -13*b - 12. Suppose b*w + 28 = 3*x, -2*x = -5*w - 4 - 24. List the prime factors of i(w).
2, 3, 17
Let h = 57 - 46. Let l = h + 25. Suppose -130 = -l*c + 31*c. What are the prime factors of c?
2, 13
List the prime factors of (-588 - -591) + 6*3/(12/12598).
2, 3, 5, 7
Let m be 9/(-6)*(-20)/(-12)*-506. Suppose 0 = -7*p - m + 7187. List the prime factors of p.
2, 3, 47
Let w(h) be the first derivative of -h**4/4 + 8*h**3 - 9*h**2/2 - 21*h + 71. List the prime factors of w(23).
7, 43
Let w(p) = -p**3 - 12*p**2 + 13*p - 132. What are the prime factors of w(-18)?
2, 3, 263
Let c(n) = n**2 - 119*n - 69. What are the prime factors of c(-44)?
7103
Suppose -4*r + 334 =